{"id":12,"date":"2022-04-29T19:39:23","date_gmt":"2022-04-29T16:39:23","guid":{"rendered":"http:\/\/www.serifetangurek.com\/?page_id=12"},"modified":"2022-04-29T20:26:12","modified_gmt":"2022-04-29T17:26:12","slug":"hakkimizda","status":"publish","type":"page","link":"http:\/\/www.serifetangurek.com\/?page_id=12","title":{"rendered":"Hakk\u0131mda"},"content":{"rendered":"\n<p><\/p>\n\n\n\n<p class=\"has-drop-cap\">\u015eER\u0130FE TANG\u00dcREK &amp; \u00c7INAR TEZH\u0130P : \u015eerife Tang\u00fcrek 1957 Bursa do\u011fumlu Uluda\u011f \u00dcniversitesi \u0130ktisat Fak\u00fcltesi mezunu evli 2 \u00e7ocuk annesidir.&nbsp;<\/p>\n\n\n\n<p><br>1995 y\u0131l\u0131nda tezhip sanat\u0131 ile tan\u0131\u015f\u0131p g\u00fcn\u00fcm\u00fcze kadar bu sanatla me\u015fgul olmakta ve \u00f6\u011frenci yeti\u015ftirmektedir. BELMEK te \u00e7al\u0131\u015fmakta. AH\u0130D AKADEM\u0130 DE de g\u00f6n\u00fcll\u00fc ders vermekte ve \u00c7INAR TEZH\u0130P AT\u00d6LYES\u0130&#8217;nde de \u00e7al\u0131\u015fmalar\u0131na devam etmektedir.<\/p>\n\n\n\n<p><br>Sanat hayat\u0131na NAC\u0130YE NUR AVLUPINAR ile ba\u015flay\u0131p S\u00dcHEYL \u00dcNVER VE AHMET YAKUPO\u011eLU&#8217;nun Talebeleri AHMET YILDIZ (K\u00fctahya K\u00fclt\u00fcr M\u00fcd\u00fcr\u00fc) la devam etmi\u015f ve bu arada BED\u0130A ALTUNBA\u015e gibi hocalardan dersler alm\u0131\u015f M\u0130LL\u0130 E\u011e\u0130T\u0130M BAKANLI\u011eI kurslar\u0131 arac\u0131l\u0131\u011f\u0131yla tezhip belgelerini tamamlam\u0131\u015ft\u0131r Yurt i\u00e7i ve uluslararas\u0131 sergilere kat\u0131lm\u0131\u015ft\u0131r. K\u00dcLT\u00dcR BAKANLI\u011eI BELGEL\u0130 TEZH\u0130P SANAT\u00c7ISI OLUP MANEV\u0130 \u0130CAZET\u0130N\u0130 AHMET YILDIZ BEYEFEND\u0130&#8217;DEN alm\u0131\u015ft\u0131r. Halen de birlikte devam etmektedir.<\/p>\n","protected":false},"excerpt":{"rendered":"<p>\u015eER\u0130FE TANG\u00dcREK &amp; \u00c7INAR TEZH\u0130P : \u015eerife Tang\u00fcrek 1957 Bursa do\u011fumlu Uluda\u011f \u00dcniversitesi \u0130ktisat Fak\u00fcltesi mezunu evli 2 \u00e7ocuk annesidir.&nbsp; 1995 y\u0131l\u0131nda tezhip sanat\u0131 ile tan\u0131\u015f\u0131p g\u00fcn\u00fcm\u00fcze kadar bu sanatla me\u015fgul olmakta ve \u00f6\u011frenci yeti\u015ftirmektedir. BELMEK te \u00e7al\u0131\u015fmakta. AH\u0130D AKADEM\u0130 DE de g\u00f6n\u00fcll\u00fc ders vermekte ve \u00c7INAR TEZH\u0130P AT\u00d6LYES\u0130&#8217;nde de \u00e7al\u0131\u015fmalar\u0131na devam etmektedir. Sanat hayat\u0131na&hellip; <a class=\"more-link\" href=\"http:\/\/www.serifetangurek.com\/?page_id=12\">Okumaya devam et <span class=\"screen-reader-text\">Hakk\u0131mda<\/span><\/a><\/p>\n","protected":false},"author":1,"featured_media":0,"parent":0,"menu_order":0,"comment_status":"closed","ping_status":"closed","template":"","meta":[],"_links":{"self":[{"href":"http:\/\/www.serifetangurek.com\/index.php?rest_route=\/wp\/v2\/pages\/12"}],"collection":[{"href":"http:\/\/www.serifetangurek.com\/index.php?rest_route=\/wp\/v2\/pages"}],"about":[{"href":"http:\/\/www.serifetangurek.com\/index.php?rest_route=\/wp\/v2\/types\/page"}],"author":[{"embeddable":true,"href":"http:\/\/www.serifetangurek.com\/index.php?rest_route=\/wp\/v2\/users\/1"}],"replies":[{"embeddable":true,"href":"http:\/\/www.serifetangurek.com\/index.php?rest_route=%2Fwp%2Fv2%2Fcomments&post=12"}],"version-history":[{"count":6,"href":"http:\/\/www.serifetangurek.com\/index.php?rest_route=\/wp\/v2\/pages\/12\/revisions"}],"predecessor-version":[{"id":99,"href":"http:\/\/www.serifetangurek.com\/index.php?rest_route=\/wp\/v2\/pages\/12\/revisions\/99"}],"wp:attachment":[{"href":"http:\/\/www.serifetangurek.com\/index.php?rest_route=%2Fwp%2Fv2%2Fmedia&parent=12"}],"curies":[{"name":"wp","href":"https:\/\/api.w.org\/{rel}","templated":true}]}}